{"id":2,"date":"2016-11-29T10:35:14","date_gmt":"2016-11-29T10:35:14","guid":{"rendered":"http:\/\/bursailahigrubu.com\/?page_id=2"},"modified":"2025-07-23T16:38:15","modified_gmt":"2025-07-23T13:38:15","slug":"about","status":"publish","type":"page","link":"https:\/\/bursailahigrubu.com\/?page_id=2","title":{"rendered":"====     \u0130LET\u0130\u015e\u0130M    ====="},"content":{"rendered":"<div id=\"wb_element_instance65\" class=\"wb_element\">\n<h2 class=\"wb-stl-heading2\"><a href=\"https:\/\/bursailahigrubu.com\/wp-content\/uploads\/2016\/11\/22222.jpg\"><img loading=\"lazy\" decoding=\"async\" class=\"alignnone size-large wp-image-242\" src=\"https:\/\/bursailahigrubu.com\/wp-content\/uploads\/2016\/11\/22222-1024x802.jpg\" alt=\"\" width=\"584\" height=\"457\" srcset=\"https:\/\/bursailahigrubu.com\/wp-content\/uploads\/2016\/11\/22222-1024x802.jpg 1024w, https:\/\/bursailahigrubu.com\/wp-content\/uploads\/2016\/11\/22222-300x235.jpg 300w, https:\/\/bursailahigrubu.com\/wp-content\/uploads\/2016\/11\/22222-768x602.jpg 768w, https:\/\/bursailahigrubu.com\/wp-content\/uploads\/2016\/11\/22222-383x300.jpg 383w\" sizes=\"auto, (max-width: 584px) 100vw, 584px\" \/><\/a><\/h2>\n<p class=\"wb-stl-heading2\" style=\"text-align: center;\"><span style=\"color: #ff0000;\"><strong>*<span style=\"text-decoration: underline;\">**** BESTE M\u00dcZ\u0130K\u00a0 &#8212; R\u0131za G\u00dcNEY &#8212;\u00a0 BURSA \u0130LAH\u0130 VE SEMAZEN GRUBU*****<\/span><\/strong><\/span><\/p>\n<ul>\n<li><strong>Kuran\u0131 kerim<\/strong><\/li>\n<li><strong>Mevildi \u015ferif<\/strong><\/li>\n<li><strong>semazen g\u00f6sterisi<\/strong><\/li>\n<li><strong>ilahi sanatc\u0131s\u0131<\/strong><\/li>\n<li><strong>dualar <\/strong><\/li>\n<li><strong>sunumlar<\/strong><\/li>\n<li><strong>salona giri\u015f \u00e7\u0131k\u0131\u015flar\u0131n\u0131z<\/strong><\/li>\n<li><strong>her b\u00fct\u00e7eye uygun fiyatlar\u0131m\u0131z ile d\u00fc\u011f\u00fcnlerinize talibiz&#8230;<\/strong><\/li>\n<li><\/li>\n<li><span style=\"color: #ff0000;\"> *** <strong>Aray\u0131n d\u00fc\u011f\u00fcn\u00fcn\u00fcz\u00fc birlikte planlayal\u0131m&#8230;<\/strong><\/span><\/li>\n<\/ul>\n<\/div>\n<div id=\"wb_element_instance66\" class=\"wb_element\">\n<h1 class=\"wb-stl-heading3\"><span style=\"color: #ff0000;\"><strong>\u00a0\u00a0\u00a0\u00a0\u00a0\u00a0 ****\u00a0 \u0130rtibat \u00a0 tel = 0.505.356 72 71<\/strong><\/span><\/h1>\n<\/div>\n","protected":false},"excerpt":{"rendered":"<p>***** BESTE M\u00dcZ\u0130K\u00a0 &#8212; R\u0131za G\u00dcNEY &#8212;\u00a0 BURSA \u0130LAH\u0130 VE SEMAZEN GRUBU***** Kuran\u0131 kerim Mevildi \u015ferif semazen g\u00f6sterisi ilahi sanatc\u0131s\u0131 dualar sunumlar salona giri\u015f \u00e7\u0131k\u0131\u015flar\u0131n\u0131z her b\u00fct\u00e7eye uygun fiyatlar\u0131m\u0131z ile d\u00fc\u011f\u00fcnlerinize talibiz&#8230; *** Aray\u0131n d\u00fc\u011f\u00fcn\u00fcn\u00fcz\u00fc birlikte planlayal\u0131m&#8230; \u00a0\u00a0\u00a0\u00a0\u00a0\u00a0 ****\u00a0 \u0130rtibat &hellip; <a href=\"https:\/\/bursailahigrubu.com\/?page_id=2\">Okumaya devam et <span class=\"meta-nav\">&rarr;<\/span><\/a><\/p>\n","protected":false},"author":1,"featured_media":0,"parent":0,"menu_order":0,"comment_status":"open","ping_status":"open","template":"","meta":{"footnotes":""},"class_list":["post-2","page","type-page","status-publish","hentry"],"_links":{"self":[{"href":"https:\/\/bursailahigrubu.com\/index.php?rest_route=\/wp\/v2\/pages\/2","targetHints":{"allow":["GET"]}}],"collection":[{"href":"https:\/\/bursailahigrubu.com\/index.php?rest_route=\/wp\/v2\/pages"}],"about":[{"href":"https:\/\/bursailahigrubu.com\/index.php?rest_route=\/wp\/v2\/types\/page"}],"author":[{"embeddable":true,"href":"https:\/\/bursailahigrubu.com\/index.php?rest_route=\/wp\/v2\/users\/1"}],"replies":[{"embeddable":true,"href":"https:\/\/bursailahigrubu.com\/index.php?rest_route=%2Fwp%2Fv2%2Fcomments&post=2"}],"version-history":[{"count":16,"href":"https:\/\/bursailahigrubu.com\/index.php?rest_route=\/wp\/v2\/pages\/2\/revisions"}],"predecessor-version":[{"id":709,"href":"https:\/\/bursailahigrubu.com\/index.php?rest_route=\/wp\/v2\/pages\/2\/revisions\/709"}],"wp:attachment":[{"href":"https:\/\/bursailahigrubu.com\/index.php?rest_route=%2Fwp%2Fv2%2Fmedia&parent=2"}],"curies":[{"name":"wp","href":"https:\/\/api.w.org\/{rel}","templated":true}]}}